{"id":1629,"date":"2018-07-06T13:15:50","date_gmt":"2018-07-06T13:15:50","guid":{"rendered":"http:\/\/dummy.xtemos.com\/woodmart\/demos\/?page_id=1629"},"modified":"2019-01-22T17:45:17","modified_gmt":"2019-01-22T20:45:17","slug":"politica-de-privacidad","status":"publish","type":"page","link":"https:\/\/hyundaiherramientas.com\/proximamente\/politica-de-privacidad\/","title":{"rendered":"Pol\u00edtica de Privacidad"},"content":{"rendered":"<p>[vc_row css=\u00bb.vc_custom_1528700414903{margin-right: 0px !important;margin-bottom: 25px !important;margin-left: 0px !important;border-top-width: 1px !important;border-right-width: 1px !important;border-bottom-width: 1px !important;border-left-width: 1px !important;padding-top: 30px !important;padding-right: 15px !important;padding-bottom: 30px !important;padding-left: 15px !important;background-color: #ffffff !important;border-left-color: #e7e7e7 !important;border-left-style: solid !important;border-right-color: #e7e7e7 !important;border-right-style: solid !important;border-top-color: #e7e7e7 !important;border-top-style: solid !important;border-bottom-color: #e7e7e7 !important;border-bottom-style: solid !important;}\u00bb][vc_column css=\u00bb.vc_custom_1527238251732{padding-top: 0px !important;}\u00bb]\t\n\t\t\t<div id=\"wd-5c477fde623fa\" class=\"woodmart-text-block-wrapper color-scheme-dark woodmart-title-size-custom woodmart-title-width-100 text-left vc_custom_1548189724398\">\n\t\t\t\t<div class=\"woodmart-title-container woodmart-text-block font-primary woodmart-font-weight-600\">\n\t\t\t\t\t<strong>Art\u00edculo 14, inciso 3 de la Ley N\u00ba 25.326<\/strong>\t\t\t\t<\/div>\n\t\t\t\t\t\n\t\t\t<\/div>\n\t\t[vc_column_text css=\u00bb.vc_custom_1548189657737{margin-bottom: 0px !important;}\u00bb el_class=\u00bbtext-larger\u00bb text_larger=\u00bbno\u00bb]\u201cEl titular de los datos personales tiene la facultad de ejercer el derecho de acceso a los mismos en forma gratuita a intervalos no inferiores a seis meses, salvo que se acredite un inter\u00e9s leg\u00edtimo al efecto conforme lo establecido en el <strong>art\u00edculo 14, inciso 3 de la Ley N\u00ba 25.326<\/strong>\u201c.[\/vc_column_text][\/vc_column][\/vc_row][vc_row css=\u00bb.vc_custom_1528700432537{margin-right: 0px !important;margin-bottom: 25px !important;margin-left: 0px !important;border-top-width: 1px !important;border-right-width: 1px !important;border-bottom-width: 1px !important;border-left-width: 1px !important;padding-top: 30px !important;padding-right: 15px !important;padding-bottom: 30px !important;padding-left: 15px !important;background-color: #ffffff !important;border-left-color: #e7e7e7 !important;border-left-style: solid !important;border-right-color: #e7e7e7 !important;border-right-style: solid !important;border-top-color: #e7e7e7 !important;border-top-style: solid !important;border-bottom-color: #e7e7e7 !important;border-bottom-style: solid !important;}\u00bb][vc_column css=\u00bb.vc_custom_1527238251732{padding-top: 0px !important;}\u00bb]\t\n\t\t\t<div id=\"wd-5c4780798bc02\" class=\"woodmart-text-block-wrapper color-scheme-dark woodmart-title-size-custom woodmart-title-width-100 text-left vc_custom_1548189840737\">\n\t\t\t\t<div class=\"woodmart-title-container woodmart-text-block font-primary woodmart-font-weight-600\">\n\t\t\t\t\t<strong>Direcci\u00f3n Nacional de Protecci\u00f3n de Datos Personales<br \/>\n<\/strong>\t\t\t\t<\/div>\n\t\t\t\t\t\n\t\t\t<\/div>\n\t\t[vc_column_text css=\u00bb.vc_custom_1548189857379{margin-bottom: 0px !important;}\u00bb text_larger=\u00bbno\u00bb]\u201c<strong>La Direcci\u00f3n Nacional de Protecci\u00f3n de Datos Personales<\/strong>, \u00d3rgano de Control de la <strong>Ley N\u00ba 25.326<\/strong>, tiene la atribuci\u00f3n de atender las denuncias y reclamos que se interpongan con relaci\u00f3n al incumplimiento de las normas sobre protecci\u00f3n de datos personales\u201d.[\/vc_column_text][\/vc_column][\/vc_row][vc_row css=\u00bb.vc_custom_1528700436855{margin-right: 0px !important;margin-bottom: 25px !important;margin-left: 0px !important;border-top-width: 1px !important;border-right-width: 1px !important;border-bottom-width: 1px !important;border-left-width: 1px !important;padding-top: 30px !important;padding-right: 15px !important;padding-bottom: 30px !important;padding-left: 15px !important;background-color: #ffffff !important;border-left-color: #e7e7e7 !important;border-left-style: solid !important;border-right-color: #e7e7e7 !important;border-right-style: solid !important;border-top-color: #e7e7e7 !important;border-top-style: solid !important;border-bottom-color: #e7e7e7 !important;border-bottom-style: solid !important;}\u00bb][vc_column css=\u00bb.vc_custom_1527238251732{padding-top: 0px !important;}\u00bb]\t\n\t\t\t<div id=\"wd-5c4780c94dc66\" class=\"woodmart-text-block-wrapper color-scheme-dark woodmart-title-size-custom woodmart-title-width-100 text-left vc_custom_1548189915075\">\n\t\t\t\t<div class=\"woodmart-title-container woodmart-text-block font-primary woodmart-font-weight-600\">\n\t\t\t\t\t<strong>Contactar a la Direcci\u00f3n Nacional de Protecci\u00f3n de Datos Personales:<\/strong>\t\t\t\t<\/div>\n\t\t\t\t\t\n\t\t\t<\/div>\n\t\t[vc_column_text css=\u00bb.vc_custom_1548189893995{margin-bottom: 0px !important;}\u00bb el_class=\u00bbtext-larger\u00bb text_larger=\u00bbno\u00bb]<\/p>\n<div class=\"vc_row wpb_row vc_row-fluid\">\n<div class=\"wpb_column vc_column_container vc_col-sm-12\">\n<div class=\"vc_column-inner \">\n<div class=\"wpb_wrapper\">\n<div class=\"wpb_text_column wpb_content_element \">\n<div class=\"wpb_wrapper\">\n<p>Samiento 1118, 5\u00ba piso (C1041AAX).<br \/>\nTel: 4383-8510\/12\/13\/15.<\/p>\n<p><a href=\"https:\/\/www.argentina.gob.ar\/aaip\/datospersonales\" target=\"_blank\" rel=\"noopener\">www.jus.gov.ar<\/a><br \/>\ninfodnpdp@just.gov.ar<\/p>\n<\/div>\n<\/div>\n<\/div>\n<\/div>\n<\/div>\n<\/div>\n<p>[\/vc_column_text][\/vc_column][\/vc_row]<\/p>\n","protected":false},"excerpt":{"rendered":"<p>[vc_row css=\u00bb.vc_custom_1528700414903{margin-right: 0px !important;margin-bottom: 25px !important;margin-left: 0px !important;border-top-width: 1px !important;border-right-width: 1px !important;border-bottom-width: 1px !important;border-left-width: 1px !important;padding-top: 30px !important;padding-right: 15px !important;padding-bottom:<\/p>\n","protected":false},"author":1,"featured_media":0,"parent":0,"menu_order":0,"comment_status":"closed","ping_status":"closed","template":"","meta":{"jetpack_post_was_ever_published":false,"footnotes":""},"class_list":["post-1629","page","type-page","status-publish","hentry"],"yoast_head":"<!-- This site is optimized with the Yoast SEO plugin v21.5 - https:\/\/yoast.com\/wordpress\/plugins\/seo\/ -->\n<title>Pol\u00edtica de Privacidad - Hyundai Herramientas<\/title>\n<meta name=\"robots\" content=\"index, follow, max-snippet:-1, max-image-preview:large, max-video-preview:-1\" \/>\n<link rel=\"canonical\" href=\"https:\/\/hyundaiherramientas.com\/proximamente\/politica-de-privacidad\/\" \/>\n<meta property=\"og:locale\" content=\"es_ES\" \/>\n<meta property=\"og:type\" content=\"article\" \/>\n<meta property=\"og:title\" content=\"Pol\u00edtica de Privacidad - Hyundai Herramientas\" \/>\n<meta property=\"og:description\" content=\"[vc_row css=\u00bb.vc_custom_1528700414903{margin-right: 0px !important;margin-bottom: 25px !important;margin-left: 0px !important;border-top-width: 1px !important;border-right-width: 1px !important;border-bottom-width: 1px !important;border-left-width: 1px !important;padding-top: 30px !important;padding-right: 15px !important;padding-bottom:\" \/>\n<meta property=\"og:url\" content=\"https:\/\/hyundaiherramientas.com\/proximamente\/politica-de-privacidad\/\" \/>\n<meta property=\"og:site_name\" content=\"Hyundai Herramientas\" \/>\n<meta property=\"article:publisher\" content=\"https:\/\/es-la.facebook.com\/hyundaiherramientasar\/\" \/>\n<meta property=\"article:modified_time\" content=\"2019-01-22T20:45:17+00:00\" \/>\n<meta name=\"twitter:card\" content=\"summary_large_image\" \/>\n<meta name=\"twitter:label1\" content=\"Tiempo de lectura\" \/>\n\t<meta name=\"twitter:data1\" content=\"3 minutos\" \/>\n<script type=\"application\/ld+json\" class=\"yoast-schema-graph\">{\"@context\":\"https:\/\/schema.org\",\"@graph\":[{\"@type\":\"WebPage\",\"@id\":\"https:\/\/hyundaiherramientas.com\/proximamente\/politica-de-privacidad\/\",\"url\":\"https:\/\/hyundaiherramientas.com\/proximamente\/politica-de-privacidad\/\",\"name\":\"Pol\u00edtica de Privacidad - Hyundai Herramientas\",\"isPartOf\":{\"@id\":\"https:\/\/hyundaiherramientas.com\/proximamente\/#website\"},\"datePublished\":\"2018-07-06T13:15:50+00:00\",\"dateModified\":\"2019-01-22T20:45:17+00:00\",\"breadcrumb\":{\"@id\":\"https:\/\/hyundaiherramientas.com\/proximamente\/politica-de-privacidad\/#breadcrumb\"},\"inLanguage\":\"es\",\"potentialAction\":[{\"@type\":\"ReadAction\",\"target\":[\"https:\/\/hyundaiherramientas.com\/proximamente\/politica-de-privacidad\/\"]}]},{\"@type\":\"BreadcrumbList\",\"@id\":\"https:\/\/hyundaiherramientas.com\/proximamente\/politica-de-privacidad\/#breadcrumb\",\"itemListElement\":[{\"@type\":\"ListItem\",\"position\":1,\"name\":\"Portada\",\"item\":\"https:\/\/hyundaiherramientas.com\/proximamente\/\"},{\"@type\":\"ListItem\",\"position\":2,\"name\":\"Pol\u00edtica de Privacidad\"}]},{\"@type\":\"WebSite\",\"@id\":\"https:\/\/hyundaiherramientas.com\/proximamente\/#website\",\"url\":\"https:\/\/hyundaiherramientas.com\/proximamente\/\",\"name\":\"Hyundai Herramientas\",\"description\":\"Herramientas\",\"publisher\":{\"@id\":\"https:\/\/hyundaiherramientas.com\/proximamente\/#organization\"},\"potentialAction\":[{\"@type\":\"SearchAction\",\"target\":{\"@type\":\"EntryPoint\",\"urlTemplate\":\"https:\/\/hyundaiherramientas.com\/proximamente\/?s={search_term_string}\"},\"query-input\":\"required name=search_term_string\"}],\"inLanguage\":\"es\"},{\"@type\":\"Organization\",\"@id\":\"https:\/\/hyundaiherramientas.com\/proximamente\/#organization\",\"name\":\"Hyundai Herramientas\",\"url\":\"https:\/\/hyundaiherramientas.com\/proximamente\/\",\"logo\":{\"@type\":\"ImageObject\",\"inLanguage\":\"es\",\"@id\":\"https:\/\/hyundaiherramientas.com\/proximamente\/#\/schema\/logo\/image\/\",\"url\":\"https:\/\/hyundaiherramientas.com\/wp-content\/uploads\/2019\/01\/NEW-BI_286C.jpg\",\"contentUrl\":\"https:\/\/hyundaiherramientas.com\/wp-content\/uploads\/2019\/01\/NEW-BI_286C.jpg\",\"width\":1232,\"height\":258,\"caption\":\"Hyundai Herramientas\"},\"image\":{\"@id\":\"https:\/\/hyundaiherramientas.com\/proximamente\/#\/schema\/logo\/image\/\"},\"sameAs\":[\"https:\/\/es-la.facebook.com\/hyundaiherramientasar\/\",\"https:\/\/www.youtube.com\/channel\/UCfmUqjzpzliEWlD2Es6xl5Q\"]}]}<\/script>\n<!-- \/ Yoast SEO plugin. -->","yoast_head_json":{"title":"Pol\u00edtica de Privacidad - Hyundai Herramientas","robots":{"index":"index","follow":"follow","max-snippet":"max-snippet:-1","max-image-preview":"max-image-preview:large","max-video-preview":"max-video-preview:-1"},"canonical":"https:\/\/hyundaiherramientas.com\/proximamente\/politica-de-privacidad\/","og_locale":"es_ES","og_type":"article","og_title":"Pol\u00edtica de Privacidad - Hyundai Herramientas","og_description":"[vc_row css=\u00bb.vc_custom_1528700414903{margin-right: 0px !important;margin-bottom: 25px !important;margin-left: 0px !important;border-top-width: 1px !important;border-right-width: 1px !important;border-bottom-width: 1px !important;border-left-width: 1px !important;padding-top: 30px !important;padding-right: 15px !important;padding-bottom:","og_url":"https:\/\/hyundaiherramientas.com\/proximamente\/politica-de-privacidad\/","og_site_name":"Hyundai Herramientas","article_publisher":"https:\/\/es-la.facebook.com\/hyundaiherramientasar\/","article_modified_time":"2019-01-22T20:45:17+00:00","twitter_card":"summary_large_image","twitter_misc":{"Tiempo de lectura":"3 minutos"},"schema":{"@context":"https:\/\/schema.org","@graph":[{"@type":"WebPage","@id":"https:\/\/hyundaiherramientas.com\/proximamente\/politica-de-privacidad\/","url":"https:\/\/hyundaiherramientas.com\/proximamente\/politica-de-privacidad\/","name":"Pol\u00edtica de Privacidad - Hyundai Herramientas","isPartOf":{"@id":"https:\/\/hyundaiherramientas.com\/proximamente\/#website"},"datePublished":"2018-07-06T13:15:50+00:00","dateModified":"2019-01-22T20:45:17+00:00","breadcrumb":{"@id":"https:\/\/hyundaiherramientas.com\/proximamente\/politica-de-privacidad\/#breadcrumb"},"inLanguage":"es","potentialAction":[{"@type":"ReadAction","target":["https:\/\/hyundaiherramientas.com\/proximamente\/politica-de-privacidad\/"]}]},{"@type":"BreadcrumbList","@id":"https:\/\/hyundaiherramientas.com\/proximamente\/politica-de-privacidad\/#breadcrumb","itemListElement":[{"@type":"ListItem","position":1,"name":"Portada","item":"https:\/\/hyundaiherramientas.com\/proximamente\/"},{"@type":"ListItem","position":2,"name":"Pol\u00edtica de Privacidad"}]},{"@type":"WebSite","@id":"https:\/\/hyundaiherramientas.com\/proximamente\/#website","url":"https:\/\/hyundaiherramientas.com\/proximamente\/","name":"Hyundai Herramientas","description":"Herramientas","publisher":{"@id":"https:\/\/hyundaiherramientas.com\/proximamente\/#organization"},"potentialAction":[{"@type":"SearchAction","target":{"@type":"EntryPoint","urlTemplate":"https:\/\/hyundaiherramientas.com\/proximamente\/?s={search_term_string}"},"query-input":"required name=search_term_string"}],"inLanguage":"es"},{"@type":"Organization","@id":"https:\/\/hyundaiherramientas.com\/proximamente\/#organization","name":"Hyundai Herramientas","url":"https:\/\/hyundaiherramientas.com\/proximamente\/","logo":{"@type":"ImageObject","inLanguage":"es","@id":"https:\/\/hyundaiherramientas.com\/proximamente\/#\/schema\/logo\/image\/","url":"https:\/\/hyundaiherramientas.com\/wp-content\/uploads\/2019\/01\/NEW-BI_286C.jpg","contentUrl":"https:\/\/hyundaiherramientas.com\/wp-content\/uploads\/2019\/01\/NEW-BI_286C.jpg","width":1232,"height":258,"caption":"Hyundai Herramientas"},"image":{"@id":"https:\/\/hyundaiherramientas.com\/proximamente\/#\/schema\/logo\/image\/"},"sameAs":["https:\/\/es-la.facebook.com\/hyundaiherramientasar\/","https:\/\/www.youtube.com\/channel\/UCfmUqjzpzliEWlD2Es6xl5Q"]}]}},"jetpack_sharing_enabled":true,"jetpack_shortlink":"https:\/\/wp.me\/PavgAX-qh","_links":{"self":[{"href":"https:\/\/hyundaiherramientas.com\/proximamente\/wp-json\/wp\/v2\/pages\/1629","targetHints":{"allow":["GET"]}}],"collection":[{"href":"https:\/\/hyundaiherramientas.com\/proximamente\/wp-json\/wp\/v2\/pages"}],"about":[{"href":"https:\/\/hyundaiherramientas.com\/proximamente\/wp-json\/wp\/v2\/types\/page"}],"author":[{"embeddable":true,"href":"https:\/\/hyundaiherramientas.com\/proximamente\/wp-json\/wp\/v2\/users\/1"}],"replies":[{"embeddable":true,"href":"https:\/\/hyundaiherramientas.com\/proximamente\/wp-json\/wp\/v2\/comments?post=1629"}],"version-history":[{"count":6,"href":"https:\/\/hyundaiherramientas.com\/proximamente\/wp-json\/wp\/v2\/pages\/1629\/revisions"}],"predecessor-version":[{"id":5722,"href":"https:\/\/hyundaiherramientas.com\/proximamente\/wp-json\/wp\/v2\/pages\/1629\/revisions\/5722"}],"wp:attachment":[{"href":"https:\/\/hyundaiherramientas.com\/proximamente\/wp-json\/wp\/v2\/media?parent=1629"}],"curies":[{"name":"wp","href":"https:\/\/api.w.org\/{rel}","templated":true}]}}